1. Give a(-1).
-9
Let d(n) be the second derivative of 7*n**4/12 - n**2/2 - 2*n. Suppose -4 - 1 = -5*b. Determine d(b).
6
Let x be -2*38*3/(-12). Suppose i = -5*c - i - 16, -2*c = 5*i + x. Let t(s) = s**3 + 2*s**2 + 2*s + 3. Give t(c).
-1
Let i be (12/(-10))/(3/15). Let a(y) be the second derivative of y + 0 - 2*y**2 - 1/6*y**3. What is a(i)?
2
Let m(y) = 0*y**2 + y - 2*y**2 + 0*y**3 + 2*y**3 + 2. Determine m(2).
12
Suppose o = 5*n - 20, -2*o = o - 15. Let r(u) = u**2 + 0*u + 2*u - 12*u + 5*u - 3. What is r(n)?
-3
Let z(g) be the third derivative of -g**5/30 - g**4/6 + 7*g**3/6 - 21*g**2. Calculate z(-5).
-23
Suppose -2*x = -6 - 0. Let v(z) = -2*z**3 + 2*z**2 - 8*z. Let y(u) = -u**3 - u - 1. Let h(b) = x*y(b) - v(b). Calculate h(-4).
9
Let r(m) = 2*m**2 + 5 - 5*m**2 - 3*m + 2*m**2 + 9*m. Determine r(6).
5
Let n(i) = -i**2 - 5*i + 1. Let b = 23 - 38. Let m be 18/5 - 6/b. Let t = 0 - m. Give n(t).
5
Let l(k) = k**2 + 6*k + 4. Let i be l(-7). Let d be (-2)/(-8) + i/4. Let r(x) = 2*x. What is r(d)?
6
Let c(p) = 9*p**2 - 3*p - 3. Let g(k) = 5*k**2 - 2*k - 1. Let h(o) = 4*c(o) - 7*g(o). What is h(-4)?
3
Let h(d) = -1 - 7*d - 3 + 2*d + 6*d. Give h(5).
1
Suppose -3*i = 3*o + 129, -4*i + i - o - 139 = 0. Let d be (i/(-60))/(4/10). Let a(h) = 3*h - 1. What is a(d)?
5
Let h(a) = a**2 - 4*a - 5. Suppose -3*u + 21 = 3*v, -17 = -2*u - 0*u - 5*v. Determine h(u).
7
Suppose 4*s - 5*b + 0*b = 21, b = -5. Let a(w) = -9*w**3 - 1. Determine a(s).
8
Let f(b) be the first derivative of b**4/4 + 5*b**3/3 + 2*b**2 + 4*b - 8. Determine f(-4).
4
Let a(z) = z - 4. Suppose 0 = -k + 4*k + 9. Suppose -2*s - 3 = 3. Let q be 0 + k/s*-3. Calculate a(q).
-7
Let q(d) = -d**2 + 9*d + 3. Let v = 65 + -55. Determine q(v).
-7
Let w(s) = 2*s**2 - 9*s + 1. Let q(r) = 4 - 4 + r - 4. Let u be q(0). Let b(f) = 3*f**2 - 10*f + 2. Let a(o) = u*w(o) + 3*b(o). What is a(-3)?
-7
Suppose -12 = h - 2*h. Suppose 4*o + 1 - 4 = -5*z, -3*z + o + h = 0. Suppose 0*c - z = c. Let u(d) = -d**3 - 3*d**2. What is u(c)?
0
Let m = -27 - -18. Let a = m - -12. Let r be (6/a + -1)*5. Let u(f) = -f**2 + 6*f - 5. What is u(r)?
0
Let h(y) = 5*y**2 + 2*y - 1. Let t(m) be the second derivative of -m**4/12 + 7*m**3/3 - 6*m**2 + 2*m. Let i be t(13). Give h(i).
6
Let r(h) = 2*h**2 + 4*h + 2. Let y(l) = 2*l**2 + 4*l + 2. Let d(p) = 5*r(p) - 4*y(p). Determine d(-4).
18
Suppose 2*n = 6*n + q - 8, -n = 4*q + 13. Let i(g) = -5 - 4*g + n*g - 3. Let m = 4 - 4. What is i(m)?
-8
Let j(g) = 3*g - 6. Let f(o) = o - 4. Let a be f(8). What is j(a)?
6
Let d(a) = a**3 - 2*a**2 - a + 1. Let i(h) = -h**3 + 2*h**2 + 2*h + 3. Let u be i(3). Suppose -4*k - 2*j + 12 = u, k = -2*k - 4*j + 19. Determine d(k).
-1
Let c(w) = w - 5. Let y be c(0). Let z(k) = -3*k - 5. Give z(y).
10
Let k(s) = s**2 - 2*s + 3. Let w be k(3). Suppose 2*q + 28 = w*q. Let d = q + -2. Let z(c) = -c**3 + 4*c**2 + 5*c + 3. Give z(d).
3
Suppose 9*a + 2 = 11*a. Let g(p) = -7*p**3 - p**2 + 2*p - 1. Determine g(a).
-7
Let y = -16 - -17. Suppose 5*i + 50 = -5*n, -n = 3 + y. Let v(p) = -p**2 - 5*p - 4. Give v(i).
-10
Let p(w) be the second derivative of w**5/20 + 5*w**4/12 + w**3/6 + w**2 - 9*w. What is p(-5)?
-3
Let x(y) = y**3 + y**2 + 2. Let l be ((-6)/(-6))/((-1)/(-2)). Determine x(l).
14
Let q(r) = 11*r**3 + 21*r**2 + 7*r - 32. Let x(b) = 7*b**3 + 14*b**2 + 5*b - 21. Let t(u) = -5*q(u) + 8*x(u). What is t(-6)?
-2
Let z(y) be the third derivative of y**6/120 - y**5/60 - y**4/12 + y**3/6 + 3*y**2. Determine z(2).
1
Let t(y) = -y + 5. Let n(k) = k - 4. Let u(v) = 4*n(v) + 3*t(v). Let g = -3 + 3. Suppose -16 = 4*h + 2*o, -4*h - 5*o + 7 - 35 = g. Determine u(h).
-3
Let v(p) = -p**3 + 3*p**2 + 3. Let g be (-62)/(-22) - (-2)/11. Suppose -g*b + 5 + 4 = 0. Determine v(b).
3
Let p(z) = -z + 1. Suppose y = 3*t - 4, y = -2*t + 4*t - 2. Suppose y = 2*s + 6. Calculate p(s).
3
Let f = -32 - -28. Let k be f/(-14) + 266/98. Let s(n) = n - 2. Let z(c) = 12*c - 27. Let w(o) = 27*s(o) - 2*z(o). Calculate w(k).
9
Let k(q) be the first derivative of q**2 - 3*q + 1. Let s be k(4). Suppose 3*p + s*n + 0*n = 16, 0 = 2*p - n + 11. Let h(d) = -d + 3. Give h(p).
6
Let v(a) = -15*a**3 - a**2 - 6*a - 1. Let k(y) = 7*y**3 + 3*y + 1. Let g(i) = -13*k(i) - 6*v(i). Calculate g(5).
3
Let h(a) = 2*a**2 - 1. Suppose 0 = -0*u - u, 0 = b + 4*u - 1. What is h(b)?
1
Let c(d) = -d**3 + 6*d**2 + 9*d - 10. Let w be c(7). Let f(o) = -4*o - 3*o**2 + 0*o - 1 + o + w*o. Suppose -2*v = v + x + 2, -x = 4*v + 1. Calculate f(v).
-3
Let q = 2 - 3. Let w(t) be the first derivative of t**6/360 + t**5/120 + t**4/24 + 2*t**3/3 + 2. Let s(v) be the third derivative of w(v). Calculate s(q).
1
Let h(d) be the second derivative of -2*d**3/3 + d**2/2 - 5*d. Let z = 45 - 44. Give h(z).
-3
Let l(c) = -c**2 - c + 1. Let o(q) = -q**3 - 3*q**2 - q + 1. Let b be o(-2). Let a(t) = -t**3 + t**2 + 8*t. Let j(h) = b*a(h) - 5*l(h). Give j(-4).
7
Let n(t) = 3*t**3 - 4*t**2 - 8*t. Let j(w) = -2*w**3 + 3*w**2 + 7*w. Let u(m) = -4*j(m) - 3*n(m). Let f(b) be the second derivative of u(b). What is f(1)?
-6
Let q(j) = -12*j**3 + j**2. Let m be (90/(-12))/(3/(-8)). Let p be 18/(-15) - (-4)/m. Determine q(p).
13
Let h be (4 - 6 - 8) + 4. Let q(l) = l**2 + 5*l - 1. Determine q(h).
5
Let a be (1/3)/(3/(-27)). Let d(b) = -b**3 - 3*b**2 - 4. Give d(a).
-4
Let l(a) = a**2 - 4*a + 2. Let u be l(4). Let n(t) = -2*t - t**u - 2*t + 3 + 2*t**2. Suppose -5*b - 5 = -2*z - 23, -3*z = 2*b + 8. What is n(b)?
-1
Let r(o) be the second derivative of 0 - o + 7/3*o**3 + 0*o**2. Give r(-1).
-14
Let p(r) = 0*r + 1 - r - r + r. What is p(2)?
-1
Let i(j) = -2*j**2 + 2*j - 1. Let f = -16 - -24. Let y be 2/f - (-18)/24. Give i(y).
-1
Let k(m) = -m**3 + 4*m**2 - m + 2. Let c be k(3). Let f(h) = 4*h + 0 + 0 - c*h. Suppose 0 = 2*v - 2 - 2. Determine f(v).
-8
Suppose 8*f + 4*t - 10 = 3*f, 0 = 5*f + 3*t - 5. Let u = f + 4. Let s(h) = h**3 - 4*h**2 + 2*h + 2. What is s(u)?
-2
Let w(u) be the third derivative of u**4/24 - u**3 + u**2. Determine w(0).
-6
Suppose 2 = -3*x + 4*m, -2*m = 2*m - 20. Let c be x/2 + (7 - 6). Let s(p) = -p**3 + 2*p**2 + 6*p - 2. Calculate s(c).
-10
Suppose u - 6*u = 30. Let n(v) be the second derivative of -v**3/3 - 7*v**2/2 + 46*v. Calculate n(u).
5
Let t(a) = -4*a**2 + 2*a**3 - 6*a**3 - a + 2*a**2. Let n = -24 + 8. Let j = n + 15. Give t(j).
3
Let h(j) be the third derivative of j**7/2520 - j**6/360 - j**5/30 - 2*j**2. Let x(p) be the third derivative of h(p). Suppose 5*r = -13 - 7. Determine x(r).
-10
Let g(j) be the third derivative of -j**6/120 + j**5/10 - j**4/6 + 7*j**3/6 - j**2. Let i be -1*(-4)/14 + 33/7. Give g(i).
12
Let m(x) = x**3 + 17*x**2 + 31*x + 15. Let g be m(-15). Let p(z) = -z**2 - z + 4. Calculate p(g).
4
Let f(j) be the second derivative of -11*j**3/6 + 4*j. Let m = -5 - -4. Give f(m).
11
Let b(x) = -8*x**2 - 20*x - 4. Let a(i) = 3*i**2 + 7*i + 1. Let y(u) = -11*a(u) - 4*b(u). Determine y(4).
1
Let f(z) = z**2 - 2*z + 2. Suppose 2*d = 3*q + 66, 2*d - 70 = -0*d + q. Let n be d/(-8)*(-4)/6. Calculate f(n).
5
Suppose -5*y - 2 + 24 = 4*j, 5*y - 25 = -5*j. Let i(k) = -2 - y + 0 + k + 0. Give i(0).
-4
Let n(b) be the third derivative of 0 + 0*b - 1/60*b**5 - 2*b**2 + 5/6*b**3 + 1/4*b**4. Calculate n(6).
5
Let f(r) = 0*r + 28*r**2 - 27*r**2 - r - 2. Determine f(3).
4
Let m = 26 + -28. Let j(n) = n + 2. Give j(m).
0
Let u(x) = -x**3 + 5*x**2 + 8*x - 4. Let v = 18 + -18. Suppose -30 = -v*q - 5*q. Determine u(q).
8
Let d(j) be the first derivative of -8*j**3/3 - j**2/2 - j + 1. Let z(y) = -7*y**2 + 5 + 4*y + 43*y**2 - 4*y**2. Let v(c) = -9*d(c) - 2*z(c). Give v(1).
8
Let i be (-3)/(-2) + 30/12. Let m = i + -5. Let l(r) = r**3 - 5*r + 9. Let b(p) = p - 2. Let f(g) = -9*b(g) - 2*l(g). Determine f(m).
1
Let x(p) = p + 7. Suppose -2 = -2*b + 2. Let t be (-4)/30 + 252/(-135). Let v = b + t. Calculate x(v).
7
Let y(i) = -43*i - 4 + 42*i + 3 + 3 - 2*i**2. Determine y(2).
-8
Let q(n) = n**2 + 2*n + 1. Let h(p) = p**2 - 11*p + 16. Let o be h(9). Give q(o).
1
Let w(g) = 5*g**2 + 2*g - 5. Let k(n) = -11*n**2 - 5*n + 11. Let c(r) = -3*k(r) - 7*w(r). Determine c(3).
-13
Let n = 20 + -9. Let o(i) = -13*i**2 + 4*i + 13. Let d(b) = -7*b**2 + 2*b + 7. Let k(q) = n*d(q) - 6*o(q). Give k(2).
-1
Let v(q) = q + 2. Let y(f) = -f**2 - 4*f - 3. Let d be y(-3). D